7)?
-4
What is 7 - (11 - (9 - 10))?
-5
What is the value of 0 + 8 + -6 - (-3 + -3)?
8
Calculate (6 - 1) + -6 + 6 + -7.
-2
What is 4 - 2 - (1 + -4 + 1)?
4
Evaluate -2 + 2 + (-2 - 4) + 7.
1
Calculate (11 - (3 - 3)) + -12.
-1
Calculate -15 - (-6 + -9 + 5).
-5
What is 4 + -14 - -4 - -1 - 2?
-7
0 + 0 + (-2 - -1 - 0)
-1
What is 1 + 6 + (-2 - (1 + 0))?
4
What is (1 - 3) + 3 + -9 + 7?
-1
Evaluate 4 + (-15 - -3 - -4).
-4
Calculate (-8 - 1 - -6 - -6) + -5.
-2
-13 + (-1 - -24) - 14
-4
Evaluate 8 - ((14 - 20) + 18).
-4
Calculate -4 + 13 + -8 - 6.
-5
-4 - (3 + -11 + 5)
-1
What is the value of (4 - 4) + -4 + 2?
-2
Calculate -9 - -10 - -5 - (-1 - -8).
-1
Evaluate -6 + (10 - 19 - -9).
-6
What is the value of -2 + -5 + -4 + 2 + 11?
2
4 - (0 + -4) - (-15 - -16)
7
Calculate -13 - -10 - (-2 + -5 + -5).
9
What is the value of 90 + -91 - (1 + 0 - 3)?
1
What is the value of -6 + (2 - (2 - (4 - 3)))?
-5
What is the value of 1 + -3 + (-4 - -3)?
-3
What is the value of (14 - 7 - 7) + 3?
3
(0 - -2) + (-7 - (1 + -5))
-1
Evaluate -12 + (2 - (-3 - -1)) - -4.
-4
Calculate 0 + (0 - -1) + 12 + -11.
2
Calculate 14 + (-2 - 0) + -6.
6
What is the value of (-3 + 1 - -14) + -6?
6
Calculate 3 + (11 - 16) - -5.
3
What is the value of -1 - 1 - (-1 + -2 + 4)?
-3
5 + -3 - (4 - 4)
2
What is the value of (-15 + -3 - -10) + 9?
1
What is (-1 - 2) + 6 - 5?
-2
(-13 - -2) + 3 - (-2 + -1)
-5
What is 10 + (-6 - 2) + (-6 - 0)?
-4
What is 18 + -10 + -5 + 4 + 0?
7
Calculate (1 - (-2 - -3)) + 6.
6
Evaluate -11 + 6 + 0 - (-5 + 0).
0
What is 2 + (-4 - 0) - (1 + 3)?
-6
Calculate -1 - (-5 + (1 - 3)).
6
What is the value of -4 - (0 - -3 - 4)?
-3
-2 - -1 - (-7 - (1 + -4))
3
Evaluate -3 - ((0 - (6 + -9)) + -1).
-5
Evaluate 9 + -9 + 4 - (-1 + 10).
-5
Calculate 55 + -63 - (1 + -11).
2
What is the value of -11 + (6 - 2) + 8?
1
22 + -27 + -1 + 10
4
Calculate -6 - 4 - -2 - -5.
-3
What is -9 + 11 - (8 - 1)?
-5
What is (2 - 1) + (4 - 7)?
-2
What is the value of (-1 - 2) + -1 - 3 - -3?
-4
What is 7 + -4 - (9 + -2 + 1)?
-5
What is the value of 10 + -10 + 2 + -2?
0
What is -7 - -1 - -14 - 1?
7
Evaluate -2 + (6 - 2) + -6 - -1.
-3
What is the value of 3 - -1 - (-21 + 19)?
6
What is the value of 3 - 1 - (-9 - -15 - -4)?
-8
Calculate -3 + (-1 - 0) - (-4 - -2).
-2
Calculate 6 + -5 + -7 + 7.
1
-3 + (3 - (-6 + 3)) - 3
0
Calculate (1 - -2) + 1 - -1 - 2.
3
What is 0 - -2 - (3 + 3) - 0?
-4
Calculate 6 - (4 + -6 - -8).
0
Evaluate -16 + 16 - (7 + -1).
-6
Evaluate 0 - 8 - (-4 - (-2 + 3)).
-3
What is (-7 - -8) + 3 - 4?
0
What is the value of -3 + 0 + (0 - 0)?
-3
-4 + -1 + 7 + -5
-3
What is the value of 5 + -4 + 3 + 1?
5
What is the value of -95 + 91 - (6 + 1)?
-11
Calculate (0 - -2) + (-4 - -4) - 2.
0
0 - ((2 - 0) + (-8 - -16))
-10
-2 - -2 - (1 - -1)
-2
Evaluate 6 + (-9 - -1) - -8.
6
Calculate 1 + 1 + -2 + (-48 - -54).
6
Evaluate -1 - (7 + 1 - 6 - -7).
-10
(59 - 27 - 26) + (1 - 3)
4
What is the value of (2 - 0) + 5 + -4 + -2?
1
Evaluate -1 + -6 + (6 - 6) + 8.
1
Evaluate 3 + 0 + 1 - (-3 - -6).
1
Calculate -1 + 7 - (30 + -24).
0
What is -1 + -7 - (-8 + -3)?
3
Calculate -1 + 2 + (-2 - -3).
2
1 - -3 - (5 + 1 + -4)
2
What is 10 + (7 - (0 + 16))?
1
Calculate (4 - (0 + 3 + -4)) + -1.
4
Evaluate 8 - (-7 + (5 - -3) + -1).
8
What is the value of 1 - -4 - (1 - (5 - 16))?
-7
Calculate -2 + 8 - 10 - -9.
5
4 - 3 - (-2 + (4 - 6))
5
-8 + 3 + (13 - 2)
6
Evaluate 1 - (1 - -4) - -10.
6
-4 + 5 + 1 + -6
-4
Calculate 1 + -5 + 12 + -13 + 4.
-1
(-8 - -8) + -2 + 6
4
What is 1 + -2 + 4 - 1?
2
What is (3 - (4 + 4) - -2) + -1?
-4
4 - (1 - 0) - (-7 + 6)
4
What is the value of -2 + (-5 - (-1 + (-5 - -3)))?
-4
What is -3 + (1 + (3 - 5) - -10)?
6
0 + -1 + -4 - (5 + -5)
-5
Evaluate 4 + (3 + -8 - (5 - 14)).
8
Evaluate 5 + 1 + 2 + -6 - -1.
3
What is 17 - (-1 - -8) - 6?
4
Calculate (0 - -3) + -28 + 30.
5
What is 1 + 0 - (28 - 30)?
3
-4 + 6 + -1 + -3 + 1
-1
Evaluate (3 - -1) + (0 - (2 + -2)).
4
Evaluate (3 - ((7 - 2) + -4)) + -5.
-3
What is the value of -1 + -1 + (1 - (0 - -1))?
-2
Evaluate -7 - (-3 + (1 - 1)).
-4
What is the value of 0 + -3 - -6 - -2?
5
What is 17 - (7 - -14) - (-1 + -5)?
2
Calculate (11 - 7 - -2) + -4 + 3.
5
1 - (0 + -2 + 1 + -1)
3
What is the value of 4 - (2 + 3 + -1)?
0
What is the value of (-1 - -3) + (-27 - -23)?
-2
What is 6 + 2 + -6 - 5 - -1?
-2
What is -1 + (-2 + 4 - 5)?
-4
What is 8 + (-4 - 2 - -3)?
5
-5 - (6 + -13 - -7)
-5
(-1 - 2) + 12 + (-4 - 4)
1
What is (-1 - -1) + 0 + 2 + 3?
5
What is -3 + 6 + -1 + -8?
-6
-18 + (13 + -8 - -7)
-6
5 - (-6 - (-1 + 1 - 13))
-2
(16 - 3) + -6 + -8
-1
-1 + (16 + 2 + -9 - -1)
9
2 + -6 - (-8 - -1 - -8)
-5
What is -4 - 0 - (1 + -4) - 0?
-1
0 + 2 + -5 + (-1 - -4)
0
(1 + 4 - 12) + 3
-4
What is the value of 7 - (3 - 1) - (-1 - -4)?
2
Calculate -4 + (-3 - -5 - 2) - -2.
-2
Calculate -5 - 0 - (1 - -12 - 14).
-4
What is 0 + (-5 - -3) + -1?
-3
Calculate -2 - -12 - (3 + 11 + -9).
5
What is 2 + (4 - (2 - 2)) + -1?
5
What is -8 + 10 + 7 + -5?
4
What is the value of (29 + -36 - (3 + 0)) + 4?
-6
What is (-6 - -1) + (-9 - (-24 - -8))?
2
Evaluate 3 + (1 + -10 - -2) + 5.
1
10 + -3 + 8 + -13 + -2
0
Calculate 2 + (3 - 2) + (-2 - -2).
3
What is the value of (0 - (-5 + 3 + 3)) + -2?
-3
Evaluate 0 + (1 - -2) - -2.
5
Calculate -5 - (-3 + -5 + (6 - 2)).
-1
What is 0 - -2 - (-4 - -8 - 2)?
0
(-7 + (7 - -3) - 11) + 14
6
Evaluate 27 + -30 + (-1 - -1).
-3
-43 + 36 + (0 + -7 - -3)
-11
What is the value of (-4 + 5 - 4) + 5?
2
-1 + -1 + (3 - 2)
-1
What is the value of -7 + (-9 + 1 - -11)?
-4
Evaluate (-4 - 0) + (11 - 2).
5
Evaluate 1 + 8 + 9 + -11.
7
What is the value of 0 + -2 - (-4 + 4)?
-2
Calculate 3 - -1 - (-1 + -7 - -9).
3
What is 2 - (-4 - -1 - -3)?
2
Calculate (-2 - (-11 - -4)) + 2 + -4.
3
Evaluate 5 - (3 + -1 + 10).
-7
Evaluate 0 - (7 + -3 - -2 - 5).
-1
Calculate -10 + 10 + 2 + (0 - 2).
0
What is the value of 1 + 4 + -7 - 0?
-2
Evaluate -21 + 25 - (4 + 0) - -2.
2
Calculate -10 - (-3 - 1) - (-1 + 0).
-5
What is the value of 0 + 7 + 0 + -1?
6
What is -9 + 1 + 24 + -21 + 5?
0
Calculate 6 - (-2 + -3 + (7 - 0)).
4
6 + (-8 - -2) + 0
0
Evaluate (3 + -2 - 2) + 1 - -2.
2
What is -6 - -1 - (6 - (3 + -1))?
-9
-2 + 1 - -1 - 2
-2
What is 4 + 6 + -9 - (1 + -3)?
3
(3 - 2) + -1 + 1
1
What is -2 - (-9 - (-17 + 8))?
-2
Evaluate 0 + -5 - (-14 - (9 - 17)).
1
-1 + -3 - (-2 - -1)
-3
What is the value of -15 + 17 + 2 + 1 + -4?
1
What is (-3 - 0) + (-21 - -20)?
-4
(-2 - (-4 + 9)) + 12 + 3
8
(-5 - -3) + 6 + -3
1
What is the value of -6 - -2 - (-2 + -3 + 2)?
-1
What is the value of 11 + -2 + (-8 - -13) + -9?
5
Calculate -9 - (1 + -4 + -4).
-2
What is the value of -2 - (2 + (-4 - -5) - 4)?
-1
Calculate 2 + 2 + 4 - 7.
1
What is the value of 17 + -9 - (2 + (0 - -2))?
4
Evaluate -5 + (-4 + 7 - 0).
-2
What is the value of 5 + -2 + 3 + (-3 - -2)?
5
Evaluate 5 - (-4 + 0 + -6 + 12).
3
What is the value of 3 + (-6 - 0 - -4)?
1
Calculate 14 + -20 - (1 - 3).
-4
-8 + 3 + 1 + 0 + 9
5
What is the value of -7 + (6 - -5) + -4 + -1?
-1
What is the value of 2 + -2 - (7 + -1 + -4)?
-2
What is the value of -11 + (10 - 1 - (-10 - -14))?
-6
Calculate (-5 - 2) + -3 - (58 + -61).
-7
What is 5 + 1 + 17 + -21?
2
Evaluate 3 + 0 + -7 - (-1 - 2).
-1
What is (2 - 0) + (-1 - -1) + 0?
2
Evaluate -29 - -27 - (-1 - 7).
6
Calculate -3 - (5 + -4 + -1).
-3
Calculate -4 - (0 + -1 + -3 + 1).
-1
Calculate (-141 - -122) + -1 + 12.
-8
2 - 9 - (4 + 3 + -10)
-4
What is -2 - ((1 - 1) + -1 + 0)?
-1
11 - ((15 - 8) + 9)
-5
-2 + 6 + -1 + -6 - -1
-2
What is 7 + -2 + (10 - 17)?
-2
-1 - (-1 + 6 + 4 - 5)
-5
-3 - -7 - -1 - (1 + 0)
4
Calculate 4 - (2 - 2) - 4.
0
What is the value of -1 + (1 + 8 - (0 + 3))?
5
Calculate (-17 - (-18 - -10)) + 2.
-7
-6 + 7 + (1 - 5) + 0
-3
Evaluate -77 + 87 - (0 + 6).
4
Calculate 0 + -4 - (-21 + 20).
-3
What is the value of -3 + (14 - 11) - (1 + -4)?
3
What is (1 - 0) + (0 - -4) + -1?
4
What is 2 - 2 - (7 - 7)?
0
What is 3 + (3 - (5 - -2) - 4)?
-5
(4 - 4 - -1) + 2
3
Calculate 3 + (-9 - (-10 - -8)).
-4
What is the value of 4 - 1 - (7 - 11 - -9)?
-2
What is the value of -13 + (-9 - (-24 + 10))?
-8
3 + 2 + (-4 - (-1 - 1))
3
Evaluate 15 - ((-1 - -13 - 8) + 1).
10
What is -7 + -2 + -6 + 16?
1
What is 3 + 0 - 0 - (-8 - -6)?
5
(-1 - -2) + -1 + (7 - 7)
0
Evaluate -2 - 5 - -5 - -5.
3
(-10 - 0) + 4 + (-18 - -19)
-5
2 - 7 - (3 + -4)
-4
2 - (2 + 1 - (6 + -1))
4
What is the value of 4 - -